{"id":88,"date":"2020-11-15T04:36:07","date_gmt":"2020-11-15T03:36:07","guid":{"rendered":"https:\/\/lbdl.11h11-design.fr\/?page_id=88"},"modified":"2026-02-14T15:39:09","modified_gmt":"2026-02-14T14:39:09","slug":"a-propos-de-la-boutique-des-lunetiers","status":"publish","type":"page","link":"https:\/\/www.laboutiquedeslunetiers.fr\/index.php\/opticien-belfort\/a-propos-de-la-boutique-des-lunetiers\/","title":{"rendered":"\u00c0 propos de nous"},"content":{"rendered":"\n\n\n\t\t<div id=\"abcontent\" class=\"alignfull\">\n\n\t\t\t<div class=\"abcline\"><\/div>\n\n\t\t\t<div id=\"abccontainer\" class=\"innercontainer\">\n\n\t\t\t\t<div id=\"abcgrey\"><\/div>\n\n\t\t\t\t<h1 class=\"pagetitle\">\u00c0 propos de nous !<\/h1>\n\n\t\t\t\t<div class=\"text1\">Vous voulez en savoir plus \u00e0 propos nous et de La Boutique Des Lunetiers ? Venez \u00e0 la d\u00e9couverte de notre univers !<br \/>\r\n<br \/>\r\nLBDL - La Boutique Des Lunetiers, c'est bien plus qu\u2019un opticien ! Vous voulez tout savoir \u00e0 propos de La Boutique Des Lunetiers ? voici quelques infos : situ\u00e9e \u00e0 l'entr\u00e9e de Belfort, avec un parking gratuit pour vous faciliter la vie, La Boutique Des Lunetiers a s\u00e9lectionn\u00e9 avec le plus grand soin les meilleures lunettes pour vous les proposer et vous garantir une totale satisfaction. <br \/>\r\n<br \/>\r\nNos principaux crit\u00e8res de choix sont les suivants : Qualit\u00e9, Originalit\u00e9, Couleurs, Design, Valeurs \u00e9thiques et bien sur le lieu de fabrication. Nous privil\u00e9gions les marques qui d\u00e9fendent les circuits courts et l'Origine France Garantie ! Et pour votre confort visuel, nous avons appliquer les m\u00eames crit\u00e8res d'exigence et nous avons choisi le meilleur verrier au monde : Essilor, fabriquant fran\u00e7ais \u00e0 la pointe de la technologie visuelle. <br \/>\r\n<br \/>\r\nPour vivre une exp\u00e9rience unique pour votre vision, prenons rendez-vous ensemble ! <\/div>\n\n\t\t\t<\/div>\n\n\t\t\t<div class=\"text2container innercontainer\">\n\n\t\t\t\t<div class=\"text2\"><\/div>\n\n\t\t\t<\/div>\n\n\t\t\t<div class=\"innercontainer abpress\">\n\t\t\t\t<div class=\"abpres abpres1\">\n\t\t\t\t\t<div class=\"pic\" style=\"background:url(https:\/\/www.laboutiquedeslunetiers.fr\/wp-content\/uploads\/2026\/02\/sabine-be-be-better.jpg) center center no-repeat;\"><\/div>\n\t\t\t\t\t<div class=\"txt\">\n\t\t\t\t\t\tJ\u00e9r\u00f4me<br \/>\r\nBelfortain d'origine, il a effectu\u00e9 ses \u00e9tudes d'optique \u00e0 Morez (39) dans le berceau de la lunetterie fran\u00e7aise. Opticien-lunetier dipl\u00f4m\u00e9 depuis pr\u00e8s de 30 ans, il a ouvert ses premiers magasins \u00e0 Belfort, il y a maintenant plus de 25 ans.<br \/>\r\nGr\u00e2ce \u00e0 son professionnalisme, il est devenu l\u2019opticien r\u00e9f\u00e9rence de Belfort. J\u00e9r\u00f4me est particuli\u00e8rement exigeant dans le choix et la qualit\u00e9 des lunettes qu\u2019il s\u00e9lectionne pour vous avec passion. Sa cr\u00e9ativit\u00e9 n'a pas de limites lorsqu'il imagine les formes des lunettes de la collection que nous fabriquons \u00e0 notre nom.<br \/>\r\nSp\u00e9cialis\u00e9 en bilan visuel renforc\u00e9, Opticien Expert Essilor, il vous proposera de b\u00e9n\u00e9ficier de la meilleure vision avec une correction optique pr\u00e9cise au 100\u00e8me de dioptrie !  <br \/>\r\nAmbitieux et convivial, J\u00e9r\u00f4me g\u00e8re ses activit\u00e9s d\u2019une main de ma\u00eetre pour vous proposer les meilleurs produits. Il s\u2019investit aussi beaucoup dans diff\u00e9rentes structures et d\u00e9fend les int\u00e9r\u00eats de l'artisanat, des artisans du Territoire de Belfort et des professionnels de sant\u00e9 de Belfort.\n\t\t\t\t\t<\/div>\n\t\t\t\t<\/div>\n\t\t\t\t<div class=\"abpres abpres2\">\n\t\t\t\t\t<div class=\"txt\">\n\t\t\t\t\t\t\n\t\t\t\t\t<\/div>\n\t\t\t\t\t<div class=\"pic\" style=\"background:url() center center no-repeat;\"><\/div>\n\t\t\t\t<\/div>\n\t\t\t<\/div>\n\n\t\t\t<div id=\"abimgs\">\n\n\t\t\t\t<div class=\"fakecontainer\"><\/div>\n\n\t\t\t\t<div class=\"abimg abimg1\" style=\"background:url(https:\/\/www.laboutiquedeslunetiers.fr\/wp-content\/uploads\/2020\/11\/a-propos-5.png) center center no-repeat;\"><\/div>\n\n\t\t\t\t<div class=\"abimg abimg2\" style=\"background:url(https:\/\/www.laboutiquedeslunetiers.fr\/wp-content\/uploads\/2020\/11\/a-propos-1.png) center center no-repeat;\"><\/div>\n\n\t\t\t\t<div class=\"abimg abimg3\" style=\"background:url(https:\/\/www.laboutiquedeslunetiers.fr\/wp-content\/uploads\/2020\/11\/a-propos-6.png) center center no-repeat;\"><\/div>\n\n\t\t\t\t<div class=\"abimg abimg4\" style=\"background:url(https:\/\/www.laboutiquedeslunetiers.fr\/wp-content\/uploads\/2020\/11\/a-propos-2.png) center center no-repeat;\"><\/div>\n\n\n\t\t\t<\/div>\n\n\t\t<\/div>\n\n\t\t\n\n\t\n\n\n\n<pre class=\"wp-block-code\"><code><\/code><\/pre>\n\n\n\n<pre class=\"wp-block-code\"><code><\/code><\/pre>\n\n\n\n\n\n\n\n\n\n\n\n\n","protected":false},"excerpt":{"rendered":"","protected":false},"author":1,"featured_media":186,"parent":57,"menu_order":1,"comment_status":"closed","ping_status":"closed","template":"","meta":{"inline_featured_image":false,"footnotes":"","_glsr_average":0,"_glsr_ranking":0,"_glsr_reviews":0},"yoast_head":"<!-- This site is optimized with the Yoast SEO plugin v21.7 - https:\/\/yoast.com\/wordpress\/plugins\/seo\/ -->\n<title>\u00c0 propos de LBDL - La Boutique des Lunetiers, Artisan Opticien Lunetier \u00e0 l&#039;entr\u00e9e de Belfort - #LBDL :<\/title>\n<meta name=\"description\" content=\"Tout \u00e0 propos de La Boutique Des Lunetiers. situ\u00e9e \u00e0 l&#039;entr\u00e9e de Belfort, LBDL s\u00e9lectionne les meilleures marques de lunettes Made In France\" \/>\n<meta name=\"robots\" content=\"index, follow, max-snippet:-1, max-image-preview:large, max-video-preview:-1\" \/>\n<link rel=\"canonical\" href=\"https:\/\/www.laboutiquedeslunetiers.fr\/index.php\/opticien-belfort\/a-propos-de-la-boutique-des-lunetiers\/\" \/>\n<meta property=\"og:locale\" content=\"fr_FR\" \/>\n<meta property=\"og:type\" content=\"article\" \/>\n<meta property=\"og:title\" content=\"LBDL - LBDL - La Boutique des Lunetiers -\" \/>\n<meta property=\"og:description\" content=\"LBDL - LBDL - La Boutique des Lunetiers - Bien plus qu&#039;un opticien !\" \/>\n<meta property=\"og:url\" content=\"https:\/\/www.laboutiquedeslunetiers.fr\/index.php\/opticien-belfort\/a-propos-de-la-boutique-des-lunetiers\/\" \/>\n<meta property=\"og:site_name\" content=\"LBDL - La Boutique des Lunetiers\" \/>\n<meta property=\"article:publisher\" content=\"https:\/\/www.facebook.com\/LaBoutiqueDesLunetiers\" \/>\n<meta property=\"article:modified_time\" content=\"2026-02-14T14:39:09+00:00\" \/>\n<meta property=\"og:image\" content=\"https:\/\/www.laboutiquedeslunetiers.fr\/wp-content\/uploads\/2023\/12\/cropped-logo-LBDL-400x400-1.jpg\" \/>\n\t<meta property=\"og:image:width\" content=\"512\" \/>\n\t<meta property=\"og:image:height\" content=\"512\" \/>\n\t<meta property=\"og:image:type\" content=\"image\/jpeg\" \/>\n<meta name=\"twitter:card\" content=\"summary_large_image\" \/>\n<meta name=\"twitter:label1\" content=\"Dur\u00e9e de lecture estim\u00e9e\" \/>\n\t<meta name=\"twitter:data1\" content=\"1 minute\" \/>\n<script type=\"application\/ld+json\" class=\"yoast-schema-graph\">{\"@context\":\"https:\/\/schema.org\",\"@graph\":[{\"@type\":[\"WebPage\",\"AboutPage\"],\"@id\":\"https:\/\/www.laboutiquedeslunetiers.fr\/index.php\/opticien-belfort\/a-propos-de-la-boutique-des-lunetiers\/\",\"url\":\"https:\/\/www.laboutiquedeslunetiers.fr\/index.php\/opticien-belfort\/a-propos-de-la-boutique-des-lunetiers\/\",\"name\":\"\u00c0 propos de LBDL - La Boutique des Lunetiers, Artisan Opticien Lunetier \u00e0 l'entr\u00e9e de Belfort - #LBDL :\",\"isPartOf\":{\"@id\":\"https:\/\/www.laboutiquedeslunetiers.fr\/#website\"},\"datePublished\":\"2020-11-15T03:36:07+00:00\",\"dateModified\":\"2026-02-14T14:39:09+00:00\",\"description\":\"Tout \u00e0 propos de La Boutique Des Lunetiers. situ\u00e9e \u00e0 l'entr\u00e9e de Belfort, LBDL s\u00e9lectionne les meilleures marques de lunettes Made In France\",\"breadcrumb\":{\"@id\":\"https:\/\/www.laboutiquedeslunetiers.fr\/index.php\/opticien-belfort\/a-propos-de-la-boutique-des-lunetiers\/#breadcrumb\"},\"inLanguage\":\"fr-FR\",\"potentialAction\":[{\"@type\":\"ReadAction\",\"target\":[\"https:\/\/www.laboutiquedeslunetiers.fr\/index.php\/opticien-belfort\/a-propos-de-la-boutique-des-lunetiers\/\"]}]},{\"@type\":\"BreadcrumbList\",\"@id\":\"https:\/\/www.laboutiquedeslunetiers.fr\/index.php\/opticien-belfort\/a-propos-de-la-boutique-des-lunetiers\/#breadcrumb\",\"itemListElement\":[{\"@type\":\"ListItem\",\"position\":1,\"name\":\"Accueil\",\"item\":\"https:\/\/www.laboutiquedeslunetiers.fr\/\"},{\"@type\":\"ListItem\",\"position\":2,\"name\":\"Accueil\",\"item\":\"https:\/\/www.laboutiquedeslunetiers.fr\/\"},{\"@type\":\"ListItem\",\"position\":3,\"name\":\"\u00c0 propos de nous\"}]},{\"@type\":\"WebSite\",\"@id\":\"https:\/\/www.laboutiquedeslunetiers.fr\/#website\",\"url\":\"https:\/\/www.laboutiquedeslunetiers.fr\/\",\"name\":\"La Boutique des Lunetiers\",\"description\":\"\",\"publisher\":{\"@id\":\"https:\/\/www.laboutiquedeslunetiers.fr\/#organization\"},\"potentialAction\":[{\"@type\":\"SearchAction\",\"target\":{\"@type\":\"EntryPoint\",\"urlTemplate\":\"https:\/\/www.laboutiquedeslunetiers.fr\/?s={search_term_string}\"},\"query-input\":\"required name=search_term_string\"}],\"inLanguage\":\"fr-FR\"},{\"@type\":\"Organization\",\"@id\":\"https:\/\/www.laboutiquedeslunetiers.fr\/#organization\",\"name\":\"La Boutique Des Lunetiers\",\"url\":\"https:\/\/www.laboutiquedeslunetiers.fr\/\",\"logo\":{\"@type\":\"ImageObject\",\"inLanguage\":\"fr-FR\",\"@id\":\"https:\/\/www.laboutiquedeslunetiers.fr\/#\/schema\/logo\/image\/\",\"url\":\"https:\/\/www.laboutiquedeslunetiers.fr\/wp-content\/uploads\/2021\/02\/logo-LBDL.png\",\"contentUrl\":\"https:\/\/www.laboutiquedeslunetiers.fr\/wp-content\/uploads\/2021\/02\/logo-LBDL.png\",\"width\":533,\"height\":533,\"caption\":\"La Boutique Des Lunetiers\"},\"image\":{\"@id\":\"https:\/\/www.laboutiquedeslunetiers.fr\/#\/schema\/logo\/image\/\"},\"sameAs\":[\"https:\/\/www.facebook.com\/LaBoutiqueDesLunetiers\",\"https:\/\/www.instagram.com\/laboutiquedeslunetiers\/\"]}]}<\/script>\n<!-- \/ Yoast SEO plugin. -->","yoast_head_json":{"title":"\u00c0 propos de LBDL - La Boutique des Lunetiers, Artisan Opticien Lunetier \u00e0 l'entr\u00e9e de Belfort - #LBDL :","description":"Tout \u00e0 propos de La Boutique Des Lunetiers. situ\u00e9e \u00e0 l'entr\u00e9e de Belfort, LBDL s\u00e9lectionne les meilleures marques de lunettes Made In France","robots":{"index":"index","follow":"follow","max-snippet":"max-snippet:-1","max-image-preview":"max-image-preview:large","max-video-preview":"max-video-preview:-1"},"canonical":"https:\/\/www.laboutiquedeslunetiers.fr\/index.php\/opticien-belfort\/a-propos-de-la-boutique-des-lunetiers\/","og_locale":"fr_FR","og_type":"article","og_title":"LBDL - LBDL - La Boutique des Lunetiers -","og_description":"LBDL - LBDL - La Boutique des Lunetiers - Bien plus qu'un opticien !","og_url":"https:\/\/www.laboutiquedeslunetiers.fr\/index.php\/opticien-belfort\/a-propos-de-la-boutique-des-lunetiers\/","og_site_name":"LBDL - La Boutique des Lunetiers","article_publisher":"https:\/\/www.facebook.com\/LaBoutiqueDesLunetiers","article_modified_time":"2026-02-14T14:39:09+00:00","og_image":[{"width":512,"height":512,"url":"https:\/\/www.laboutiquedeslunetiers.fr\/wp-content\/uploads\/2023\/12\/cropped-logo-LBDL-400x400-1.jpg","type":"image\/jpeg"}],"twitter_card":"summary_large_image","twitter_misc":{"Dur\u00e9e de lecture estim\u00e9e":"1 minute"},"schema":{"@context":"https:\/\/schema.org","@graph":[{"@type":["WebPage","AboutPage"],"@id":"https:\/\/www.laboutiquedeslunetiers.fr\/index.php\/opticien-belfort\/a-propos-de-la-boutique-des-lunetiers\/","url":"https:\/\/www.laboutiquedeslunetiers.fr\/index.php\/opticien-belfort\/a-propos-de-la-boutique-des-lunetiers\/","name":"\u00c0 propos de LBDL - La Boutique des Lunetiers, Artisan Opticien Lunetier \u00e0 l'entr\u00e9e de Belfort - #LBDL :","isPartOf":{"@id":"https:\/\/www.laboutiquedeslunetiers.fr\/#website"},"datePublished":"2020-11-15T03:36:07+00:00","dateModified":"2026-02-14T14:39:09+00:00","description":"Tout \u00e0 propos de La Boutique Des Lunetiers. situ\u00e9e \u00e0 l'entr\u00e9e de Belfort, LBDL s\u00e9lectionne les meilleures marques de lunettes Made In France","breadcrumb":{"@id":"https:\/\/www.laboutiquedeslunetiers.fr\/index.php\/opticien-belfort\/a-propos-de-la-boutique-des-lunetiers\/#breadcrumb"},"inLanguage":"fr-FR","potentialAction":[{"@type":"ReadAction","target":["https:\/\/www.laboutiquedeslunetiers.fr\/index.php\/opticien-belfort\/a-propos-de-la-boutique-des-lunetiers\/"]}]},{"@type":"BreadcrumbList","@id":"https:\/\/www.laboutiquedeslunetiers.fr\/index.php\/opticien-belfort\/a-propos-de-la-boutique-des-lunetiers\/#breadcrumb","itemListElement":[{"@type":"ListItem","position":1,"name":"Accueil","item":"https:\/\/www.laboutiquedeslunetiers.fr\/"},{"@type":"ListItem","position":2,"name":"Accueil","item":"https:\/\/www.laboutiquedeslunetiers.fr\/"},{"@type":"ListItem","position":3,"name":"\u00c0 propos de nous"}]},{"@type":"WebSite","@id":"https:\/\/www.laboutiquedeslunetiers.fr\/#website","url":"https:\/\/www.laboutiquedeslunetiers.fr\/","name":"La Boutique des Lunetiers","description":"","publisher":{"@id":"https:\/\/www.laboutiquedeslunetiers.fr\/#organization"},"potentialAction":[{"@type":"SearchAction","target":{"@type":"EntryPoint","urlTemplate":"https:\/\/www.laboutiquedeslunetiers.fr\/?s={search_term_string}"},"query-input":"required name=search_term_string"}],"inLanguage":"fr-FR"},{"@type":"Organization","@id":"https:\/\/www.laboutiquedeslunetiers.fr\/#organization","name":"La Boutique Des Lunetiers","url":"https:\/\/www.laboutiquedeslunetiers.fr\/","logo":{"@type":"ImageObject","inLanguage":"fr-FR","@id":"https:\/\/www.laboutiquedeslunetiers.fr\/#\/schema\/logo\/image\/","url":"https:\/\/www.laboutiquedeslunetiers.fr\/wp-content\/uploads\/2021\/02\/logo-LBDL.png","contentUrl":"https:\/\/www.laboutiquedeslunetiers.fr\/wp-content\/uploads\/2021\/02\/logo-LBDL.png","width":533,"height":533,"caption":"La Boutique Des Lunetiers"},"image":{"@id":"https:\/\/www.laboutiquedeslunetiers.fr\/#\/schema\/logo\/image\/"},"sameAs":["https:\/\/www.facebook.com\/LaBoutiqueDesLunetiers","https:\/\/www.instagram.com\/laboutiquedeslunetiers\/"]}]}},"_links":{"self":[{"href":"https:\/\/www.laboutiquedeslunetiers.fr\/index.php\/wp-json\/wp\/v2\/pages\/88"}],"collection":[{"href":"https:\/\/www.laboutiquedeslunetiers.fr\/index.php\/wp-json\/wp\/v2\/pages"}],"about":[{"href":"https:\/\/www.laboutiquedeslunetiers.fr\/index.php\/wp-json\/wp\/v2\/types\/page"}],"author":[{"embeddable":true,"href":"https:\/\/www.laboutiquedeslunetiers.fr\/index.php\/wp-json\/wp\/v2\/users\/1"}],"replies":[{"embeddable":true,"href":"https:\/\/www.laboutiquedeslunetiers.fr\/index.php\/wp-json\/wp\/v2\/comments?post=88"}],"version-history":[{"count":44,"href":"https:\/\/www.laboutiquedeslunetiers.fr\/index.php\/wp-json\/wp\/v2\/pages\/88\/revisions"}],"predecessor-version":[{"id":543,"href":"https:\/\/www.laboutiquedeslunetiers.fr\/index.php\/wp-json\/wp\/v2\/pages\/88\/revisions\/543"}],"up":[{"embeddable":true,"href":"https:\/\/www.laboutiquedeslunetiers.fr\/index.php\/wp-json\/wp\/v2\/pages\/57"}],"wp:featuredmedia":[{"embeddable":true,"href":"https:\/\/www.laboutiquedeslunetiers.fr\/index.php\/wp-json\/wp\/v2\/media\/186"}],"wp:attachment":[{"href":"https:\/\/www.laboutiquedeslunetiers.fr\/index.php\/wp-json\/wp\/v2\/media?parent=88"}],"curies":[{"name":"wp","href":"https:\/\/api.w.org\/{rel}","templated":true}]}}